5 (base 12) to base 11.
-621
Convert 52a8 (base 11) to base 2.
1101101100111
What is -10111100101 (base 2) in base 5?
-22014
What is 2042 (base 7) in base 2?
1011001100
What is 304 (base 13) in base 10?
511
-2205 (base 6) to base 15
-23e
Convert -1062 (base 7) to base 10.
-387
What is 1353 (base 8) in base 15?
34c
1001010 (base 2) to base 6
202
-110000001011011 (base 2) to base 7
-131626
Convert -2312301 (base 4) to base 13.
-542a
Convert -1101100110100 (base 2) to base 9.
-10487
40020 (base 6) to base 13
2499
1acc (base 15) to base 10
5817
-10100001111 (base 2) to base 7
-3530
What is -5a4 (base 13) in base 7?
-2566
Convert 201012 (base 4) to base 11.
1656
55 (base 14) to base 4
1023
Convert -61a (base 16) to base 10.
-1562
Convert -7104 (base 12) to base 16.
-2fd4
Convert -364 (base 10) to base 14.
-1c0
Convert -19b (base 16) to base 12.
-2a3
1bb (base 14) to base 3
111101
121230 (base 4) to base 7
4536
Convert 45d (base 16) to base 8.
2135
2469 (base 11) to base 12
1a45
-108 (base 15) to base 7
-452
What is -33322 (base 8) in base 2?
-11011011010010
Convert -145221 (base 6) to base 7.
-56116
Convert -2636 (base 8) to base 9.
-1867
7502 (base 10) to base 11
5700
-10101100000001 (base 2) to base 6
-122545
347 (base 8) to base 2
11100111
What is 101210022 (base 3) in base 13?
3770
Convert -322133 (base 5) to base 15.
-337d
What is -885 (base 14) in base 13?
-9c8
40a (base 11) to base 7
1304
Convert -2335 (base 7) to base 14.
-455
Convert 737 (base 9) to base 13.
373
23f (base 16) to base 3
210022
Convert -446a7 (base 11) to base 13.
-23604
Convert -20a65 (base 12) to base 3.
-2011222012
Convert -340040 (base 5) to base 12.
-6a73
-3113 (base 5) to base 16
-198
Convert 246a (base 13) to base 12.
2b9a
1012122 (base 3) to base 9
1178
What is -1725 (base 11) in base 15?
-9c0
What is 1140 (base 10) in base 13?
699
Convert 1000000110 (base 2) to base 8.
1006
Convert -223 (base 14) to base 8.
-647
What is 31000 (base 6) in base 10?
4104
Convert 7053 (base 8) to base 14.
1471
What is -10303 (base 11) in base 13?
-6aa5
3b7 (base 15) to base 12
5a7
Convert 2212020 (base 3) to base 14.
a8d
Convert 3705 (base 14) to base 13.
44b2
Convert -c38 (base 13) to base 6.
-13335
What is -1024140 (base 5) in base 11?
-120a7
Convert 233303 (base 4) to base 3.
11012022
What is 31205 (base 6) in base 16?
1055
Convert 2200 (base 4) to base 12.
114
46566 (base 7) to base 4
2322303
What is 1543 (base 8) in base 15?
3cc
What is -3050 (base 7) in base 8?
-2050
100110110 (base 2) to base 11
262
What is 542 (base 9) in base 4?
12323
Convert 6039 (base 13) to base 4.
3032232
101000011110 (base 2) to base 14
d30
What is -7244 (base 9) in base 15?
-188a
Convert -760 (base 9) to base 6.
-2513
What is 52a9 (base 11) in base 15?
212b
-184 (base 10) to base 3
-20211
What is -63661 (base 7) in base 14?
-5a68
Convert 7190 (base 16) to base 10.
29072
Convert -145053 (base 6) to base 4.
-3123321
Convert 20201 (base 4) to base 14.
2ad
-16a (base 14) to base 13
-194
Convert a8a (base 13) to base 4.
130030
-267 (base 12) to base 10
-367
8b77 (base 12) to base 2
11110010001011
-1010011111001 (base 2) to base 10
-5369
15e05 (base 15) to base 8
211777
What is 25aa (base 11) in base 14?
133d
Convert 14411 (base 7) to base 5.
111402
Convert -1001110111001111 (base 2) to base 14.
-10a19
Convert 1110011011110 (base 2) to base 13.
3496
What is 67 (base 13) in base 6?
221
What is -3d8 (base 16) in base 6?
-4320
Convert 10001000011010111 (base 2) to base 10.
69847
Convert 1010010 (base 3) to base 4.
30231
Convert 2362 (base 8) to base 2.
10011110010
Convert 1211002102 (base 3) to base 16.
8bca
Convert -1ba (base 16) to base 7.
-1201
Convert -187 (base 15) to base 16.
-160
152 (base 14) to base 9
327
129 (base 11) to base 10
152
1444 (base 7) to base 5
4241
1767 (base 9) to base 13
805
91ca (base 14) to base 7
133043
-2100423 (base 5) to base 15
-a343
140041 (base 6) to base 12
7621
102012 (base 4) to base 9
1526
-1001011011010 (base 2) to base 9
-6552
What is 9 (base 15) in base 6?
13
What is -3487 (base 10) in base 12?
-2027
Convert -5071 (base 8) to base 2.
-101000111001
Convert -9685 (base 10) to base 7.
-40144
Convert -126b (base 12) to base 2.
-100000110011
Convert -132a (base 11) to base 4.
-122332
Convert 111023 (base 4) to base 7.
3644
Convert -7086 (base 12) to base 6.
-132250
Convert 3245 (base 7) to base 16.
488
-100011202 (base 3) to base 14
-261b
Convert 4755 (base 12) to base 13.
3833
What is 555 (base 9) in base 5?
3310
What is -441101 (base 5) in base 7?
-62113
What is -150 (base 10) in base 7?
-303
11767 (base 10) to base 2
10110111110111
Convert 214c (base 15) to base 16.
1b87
-1843 (base 9) to base 16
-588
-137 (base 9) to base 7
-223
-58e (base 16) to base 2
-10110001110
-120c (base 15) to base 9
-5233
What is -aa81 (base 11) in base 16?
-3911
-21212 (base 7) to base 16
-1484
1011011 (base 2) to base 3
10101
What is a9 (base 14) in base 13?
b6
Convert -14c (base 13) to base 10.
-233
Convert -136 (base 15) to base 8.
-424
Convert -1137 (base 9) to base 14.
-444
306 (base 13) to base 12
369
Convert 12521 (base 6) to base 13.
b4a
Convert 11657 (base 8) to base 10.
5039
What is -fa40 (base 16) in base 12?
-310a8
1023 (base 5) to base 15
93
What is -64346 (base 8) in base 11?
-191a3
Convert 35033 (base 9) to base 5.
1221413
What is -10633 (base 9) in base 13?
-32b5
Convert 2706 (base 9) to base 6.
13223
-100001010100 (base 2) to base 12
-1298
What is -3671 (base 9) in base 12?
-1701
-523 (base 7) to base 14
-14a
Convert -24422 (base 5) to base 10.
-1862
Convert 6857 (base 14) to base 8.
43275
What is -122012221 (base 3) in base 14?
-4809
Convert 33415 (base 7) to base 15.
277a
Convert 22 (base 5) to base 11.
11
-113353 (base 6) to base 2
-10011010000101
Convert -66d3 (base 15) to base 7.
-120360
What is -223122 (base 6) in base 8?
-44632
Convert 603 (base 7) to base 4.
10221
Convert -240043 (base 5) to base 4.
-2021011
Convert -4712 (base 12) to base 13.
-37c4
13001 (base 4) to base 14
241
What is -1011001000 (base 2) in base 9?
-871
2022442 (base 5) to base 8
100150
What is -5faa (base 16) in base 10?
-24490
345 (base 14) to base 9
801
1694 (base 11) to base 15
990
Convert -35 (base 8) to base 7.
-41
Convert -102122 (base 5) to base 14.
-135a
Convert -50004 (base 9) to base 8.
-100051
-2755 (base 8) to base 13
-8c9
What is -1514 (base 7) in base 14?
-30b
What is -15 (base 10) in base 8?
-17
Convert 2102 (base 6) to base 11.
398
Convert 1458 (base 9) to base 12.
782
What is b2ec (base 16) in base 3?
2022211110
What is 1100100001 (base 2) in base 10?
801
What is 110100000011111 (base 2) in base 5?
1323110
What is -49 (base 14) in base 2?
-1000001
What is 1413422 (base 5) in base 9?
44085
Convert 712 (base 14) to base 7.
4022
What is 11352 (base 13) in base 11?
215a4
Convert -163e (base 16) to base 11.
-4307
Convert -1111100100 (base 2) to base 14.
-512
What is -288 (base 9) in base 4?
-3302
Convert 137 (base 9) to base 12.
97
Convert -522 (base 7) to base 13.
-171
What is 8074 (base 9) in base 10?
5899
Convert -1121 (base 3) to base 5.
-133
Convert 102041 (base 5) to base 6.
23420
6945 (base 14) to base 12
a701
What is -31660 (base 7) in base 2?
-1111011001010
743a (base 11) to base 15
2db4
What is -402c (base 13) in base 6?
-104510
1022130 (base 4) to base 11
3641
Convert 71320 (base 8) to base 13.
104bc
What is 27411 (base 10) in base 11?
1965a
What is -21e (base 16) in base 9?
-662
Convert -162 (base 15) to base 8.
-475
Convert 214043 (base 5) to base 12.
4346
-1042 (base 11) to base 9
-1800
What is -a964 (base 13) in base 4?
-11300111
-3505 (base 10) to base 3
-11210211
Convert 142142 (base 6) to base 5.
412304
399 (base 12) to base 14
2b3
Convert -402 (base 10) to base 8.
-622
Convert -12666 (base 8) to base 16.
-15b6
What is -311133 (base 4) in base 5?
-102143
What is 300 (base 11) in base 15?
193
What is 2134 (base 6) in base 11?
406
Convert 10212 (base 5) to base 11.
570
527 (base 8) to base 9
421
-52a (base 13) to base 7
-2366
What is 12302 (base 5) in base 3?
1022021
What is 9b0 (base 15) in base 16?
88e
Convert -102332 (base 4) to base 12.
-852
What is 111301 (base 6) in base 4?
2102311
Convert 1b7 (base 13) to base 15.
164
What is 130225 (base 9) in base 2?
10011010001